)/(m/45). Suppose 5*p - 11*p + o = 0. What are the prime factors of p?
2, 5
Let o = -156 - -184. What are the prime factors of (1 + (-33)/(-12))*o/3?
5, 7
Suppose 0 = -19*q - 4502 - 647. Let y = q - -387. List the prime factors of y.
2, 29
Let v(k) = k**3 - 5*k**2 - 6*k + 4. Let r be v(6). Let q = 50 - -155. Suppose -r*d + q = d. List the prime factors of d.
41
Let j = -58515 - -106975. List the prime factors of j.
2, 5, 2423
Suppose -28 = 9*k + 8. Suppose -2100 = 8*n + 2140. What are the prime factors of (-3*n/45)/(k/(-6))?
53
Let m be ((-10)/(-15))/((-34)/(-44727)). Let s = m - -30. What are the prime factors of s?
907
Suppose -5*n - 425 + 141 = -2*u, -u + 160 = 2*n. Suppose -3*c + u + 946 = 0. What are the prime factors of c?
2, 3, 61
Let q(j) be the third derivative of -31*j**4/8 + 49*j**3/6 + 101*j**2 - 2*j. What are the prime factors of q(-1)?
2, 71
Let u(a) be the first derivative of 19 - 4*a - 157/2*a**2. What are the prime factors of u(-1)?
3, 17
Let z be (-19647)/(-15) + (1 + -8)/(-35). What are the prime factors of (-1)/(-3) + (-11)/(-3) + z?
2, 3, 73
Let d(h) = 4*h**2 - 16*h - 49. Let c be d(-15). Let x = c + -676. What are the prime factors of x?
5, 83
Let o = 15613 + 9297. What are the prime factors of o?
2, 5, 47, 53
Let s(l) = l**3 + 26*l**2 - 92*l - 98. What are the prime factors of s(-27)?
1657
Let a(s) = -14*s - 86. Let c be a(-7). Suppose 0 = c*i - 6*i - 918. What are the prime factors of i?
3, 17
Let b be (-205)/(-2) - 9/(-6). Let t = 212 + b. List the prime factors of ((-36)/8)/((-6)/t).
3, 79
Suppose -5*w + 17025 = 3*p, -462*p = -w - 460*p + 3392. List the prime factors of w.
2, 3, 7
List the prime factors of (12/(-54) - 209590/(-72))*(-160)/(-24).
5, 3881
Let q = 131875 + -78642. List the prime factors of q.
53233
Let o = 58 + -108. Let m = 178 + o. Let n = m + 61. List the prime factors of n.
3, 7
Let j be 3/(-9)*3 + 4. Suppose -4*x + 5*d + 0*d = -327, -j*x = 3*d - 279. Suppose 2*w - 6*w = -x. What are the prime factors of w?
2, 11
Suppose -5*u = -269*u - 121*u + 24634225. What are the prime factors of u?
5, 67, 191
Suppose 4*k + 20 = 0, 5*j - 4*k - 2 = 3. Let z be j/(-4) + (-539)/(-28). List the prime factors of 2024/z + 1/(-5).
101
Suppose -434 = 5*h + 4*r + 873, -r = -3*h - 791. Let c = h + 1079. What are the prime factors of c?
2, 3, 17
Let o = -294 - -266. List the prime factors of (o/(-3))/((-17)/((-1071)/14)).
2, 3, 7
Suppose 6*p - 8535 + 48561 = 20*p. List the prime factors of p.
3, 953
Let q = -184 - -192. List the prime factors of 1 - 10/q - 48475/(-28).
3, 577
Let x(z) = 43*z - 2. Let i be x(14). Let s = 1023 - i. What are the prime factors of s?
3, 47
What are the prime factors of -49366*(6/(-48) - (-6)/(-16))?
24683
Suppose -1795 = -f - 3*w, 4*f - 93*w = -97*w + 7188. List the prime factors of f.
2, 29, 31
Let g be (-8)/((-9)/(-19935)*-5). Suppose -2*o - 2*z = -g, -2*z + 5281 = 3*o - 6*z. What are the prime factors of o?
3, 19, 31
Let b = 133 - 128. Suppose -167 = -b*f - 22. Suppose r = -2, 131 + f = 2*t - r. What are the prime factors of t?
79
Suppose -5 = -2*y + 3, 3*l - 5*y - 30274 = 0. Suppose 29*d = 7*d + l. What are the prime factors of d?
3, 17
What are the prime factors of ((-295396)/(-6) - -2) + -10*(-19)/570?
5, 43, 229
Let u(q) = 7605*q**2 - 153*q - 310. What are the prime factors of u(-2)?
2, 1901
Let k(f) = -f**3 + 17*f**2 + 32*f + 21. Let y = -5 - -22. List the prime factors of k(y).
5, 113
Let m = 42497 + -17965. What are the prime factors of m?
2, 6133
Let p(x) = 17*x + 4 - 41*x + 22*x. Let n be p(-2). Suppose n*q = 4*q + 440. What are the prime factors of q?
2, 5, 11
Suppose 2*q = -4*g + 4, 4*g = -3*q + 2*q - 4. Suppose 2*j = a + 1, 0 = -q*a + 10*a - 2. Let l = j + 24. What are the prime factors of l?
5
Let a(x) = 60*x**3 + 7*x**2 - 115*x + 35. What are the prime factors of a(6)?
29, 433
Let d(c) = -c**3 - c**2 + 5*c - 1. Let l be d(-3). Suppose 2*s + 5*t = 766, l*t = -0*t + 8. What are the prime factors of s?
373
Let k = 40 - 62. Let w(i) = i**2 + i + 14. Let m be w(0). Let j = m - k. List the prime factors of j.
2, 3
Let d(j) = 10*j + 243. Let s be d(-23). Suppose -3*v = 17*p - s*p - 73, -5*v + 71 = 4*p. What are the prime factors of p?
19
Suppose v = 6*v - 25. Suppose -v*i = -4*q - 244, -4*q + 20 = q. Suppose 0 = -5*h + i + 43. What are the prime factors of h?
19
Let x(a) = -5*a + 4. Let b be x(7). Let w = 35 + b. Suppose w*z - 2*z - 316 = 0. List the prime factors of z.
2, 79
Suppose r - 3985 = -5*z + 1755, -r = -5. Let x = z - -6. What are the prime factors of x?
1153
Let x(z) = 2*z**2 - 26*z - 50. Let q be x(-18). Suppose 3*a - 2*u = q, -3*a - 712 = -5*a + 2*u. List the prime factors of a.
2, 3, 59
Let c(d) = -d**2 - 16*d - 10. Let t be c(-15). Let k = -32 + 67. Suppose -v = -3, w + t*v - 102 = -k. What are the prime factors of w?
2, 13
Let q(l) = -9 - 15 + 39*l - 21*l + 71*l. What are the prime factors of q(5)?
421
List the prime factors of (-1 - -1388)/((-29 - -43)/14).
19, 73
Let m(c) be the first derivative of -31*c**2/2 - 11*c - 8. Let u be m(-9). Suppose -5*n = 2*d - 124, 0*d = -5*d - 2*n + u. What are the prime factors of d?
2, 13
Suppose -5*o + 66 = -3*o. Suppose -o*c + 32*c = 0. Suppose 2*n + 4*g = 112, -3*n + c*g + 182 = -g. What are the prime factors of n?
2, 3, 5
Let q(f) = -41*f**3 + 2*f**2 + 2*f + 1. Let w = -102 + 75. Let h = w + 26. What are the prime factors of q(h)?
2, 3, 7
Let d(n) = 5*n**3 + 4*n**2 + n + 2. Let u be d(-3). Let b = -59 - u. Suppose 4*l = -b + 289. List the prime factors of l.
2, 31
Suppose 0 = 3*t - 4*t + 5*r + 21, -5 = r. Let a be (92/3)/t*(0 - 3). Let c = -14 + a. List the prime factors of c.
3
Let y be 6/15 - 36/(-10). What are the prime factors of (-7 + 25/y)*(-5172)/3?
3, 431
Let v = -105676 - -157356. Suppose -55*a + 17*a = -v. List the prime factors of a.
2, 5, 17
Suppose -18*z = -5*n - 22*z + 871, -z - 509 = -3*n. Suppose -f + 2*l + 42 = 0, 4*f - 5*l = -0*f + n. What are the prime factors of f?
2, 11
Let i = 35238 - 16751. What are the prime factors of i?
7, 19, 139
Suppose 2*v + 28 = 9*v. Let t(l) = 2*l**3 + 6*l**2 - l - 9. What are the prime factors of t(v)?
211
Suppose -c - 37 = -g, -44 - 36 = 2*c - 4*g. Let q = 443 + c. What are the prime factors of q?
409
What are the prime factors of (-1351)/(-2) + (22 - 34 - 25/(-2))?
2, 13
Let l(c) = 20*c**3 + 4*c**2 - 19*c - 13. Let d(b) = 19*b**3 + 5*b**2 - 19*b - 11. Let v(h) = 6*d(h) - 5*l(h). What are the prime factors of v(4)?
11, 89
Suppose 6*p - 31*p = -6775. Let g = p + 1634. List the prime factors of g.
3, 5, 127
Let i = -29 - -32. Suppose -i*f - 54 = -0*f. Let y = 58 - f. What are the prime factors of y?
2, 19
Suppose 143018 = 23*q - 59014. Suppose 0 = -14*u + 20*u - q. What are the prime factors of u?
2, 3, 61
Suppose 0 = -3*v + 6, 7*u - 2*u - 14 = 3*v. What are the prime factors of (1 + (-4 - -168))*u/10?
2, 3, 11
List the prime factors of (-78480)/(-3052)*7294/4.
2, 3, 5, 521
Let k(y) = -y**2 + 7*y + 2. Let p be k(5). Suppose 2*t - p = -2*t. Suppose -t*x = -0*x - 2*r - 224, 3*x - 5*r = 218. List the prime factors of x.
2, 19
Suppose 0 = -11*h + 7222 + 6968. Suppose 4*o - 5*f = -2*f + h, 2*o + 4*f - 634 = 0. What are the prime factors of o?
3, 107
List the prime factors of (-17889)/(-134)*438/9.
73, 89
Let u = 4 + -3. Suppose 2*g + 3*w = -7, -4*w + u - 13 = 0. List the prime factors of 26/(g/(5/10)).
13
Let g = -442 + 1592. What are the prime factors of g?
2, 5, 23
Let y = 41 - 40. Suppose -6*w - 521 + 107 = 0. What are the prime factors of (w + 4 - -1)/(-2 + y)?
2
Let s be 48/(-40)*(-10)/4. Suppose -5*a + u - 481 + 5615 = 0, 3078 = s*a - 3*u. What are the prime factors of a?
13, 79
Let k(r) = -46429*r - 288. List the prime factors of k(-1).
46141
Let g(a) = 18*a**2 - 6*a - 12. Let y be g(-5). Suppose -x - y = -4*z, -z - x + 460 = 3*z. Suppose -z = -2*t - 2*t. List the prime factors of t.
29
Let s = 2843 - 1351. Suppose 5*m + s = 6*m. List the prime factors of m.
2, 373
Let l(b) = b**3 + 12*b**2 + 15*b + 34. Let k(a) = -8*a + 6. Let p be k(2). Let c be l(p). Let i = -68 + c. List the prime factors of i.
2
Let c(s) = -s**3 + 65*s**2 + 78*s + 693. List the prime factors of c(64).
9781
Suppose 192887 = 41*b - 76688. What are the prime factors of b?
5, 263
List the prime factors of -1 